o).
-7
Let a(b) = 17*b + 46. Let q(j) = 3*j + 9. Let m(z) = 2*a(z) - 11*q(z). What is m(3)?
-4
Let n = -166 - -167. Let w(o) = 6*o**3 + 2*o - 1. Calculate w(n).
7
Let w(h) be the first derivative of -h**5/60 + h**4/4 - 3*h**3/2 - 12*h**2 - 35. Let o(d) be the second derivative of w(d). Give o(6).
-9
Suppose 0 = -2*v + 6. Let d = v - 3. Let b(f) = -4*f. Let j(p) = 7*p - 8. Let l(x) = 2*b(x) + j(x). What is l(d)?
-8
Let f(s) = -7 - 59*s**2 - 59*s**2 + 4 + s - s**3 + 123*s**2. Give f(5).
2
Suppose -6*j = -j - 40. Let a be (0 - -9)*j/24. Let p = -6 + a. Let h(l) = -l - 1. Calculate h(p).
2
Suppose 0 = -3*k - 2*l, -k - 2*k - 6 = 4*l. Suppose 0 = -2*s - s - i + k, -5*i + 24 = s. Let a be ((-5 + 4)*s)/(-1). Let q(z) = 2*z**2 + z + 1. Calculate q(a).
2
Let g(n) = 3*n**3 - 9*n**2 + 11*n + 10. Let i(v) = -4*v**3 + 9*v**2 - 13*v - 10. Let x(t) = 3*g(t) + 2*i(t). What is x(7)?
-39
Let y(r) = -r + 1. Let j(i) = i**2 + 4*i - 7. Suppose -c - 72 + 27 = 0. Let d be c/27 + (-4)/(-6). Let u(n) = d*j(n) - 3*y(n). What is u(-3)?
-2
Let p be ((-1 - -2)*-2)/(-2). Let s(o) = 1. Let z(c) be the second derivative of -3*c**4/4 - c**3/6 + 3*c**2/2 - 4*c. Let d(f) = 2*s(f) - z(f). Determine d(p).
9
Let l(n) = -n**2 - 4*n - 1. Let v be -1 + 25 + 4 + -2. Suppose 25*k - 4 = v*k. Determine l(k).
-1
Let l(q) = q**2 + 6*q - 5. Let d be l(-9). Suppose -3 - d = 5*i. Let k(s) = -s**3 - 4*s**2 + 5*s - 2. Give k(i).
-2
Let b(d) be the third derivative of -d**5/60 + 7*d**4/8 + 41*d**3/6 + 5*d**2 + 82*d. What is b(23)?
-5
Let s(f) = -f**2 - 1. Let r(n) = 5*n**2 + 12. Let y(j) = r(j) + 6*s(j). Calculate y(-5).
-19
Let u(n) be the first derivative of n**3/3 + 9*n**2/2 + 4*n - 70. Calculate u(-10).
14
Suppose 0 = 4*l + 3*b - 7*b - 32, -4 = -3*l - 2*b. Let h(r) = 2*r**2 - 4*r - 3. Determine h(l).
13
Let w = -26 + 28. Let i(s) = -3*s**2 + 4*s**w - 2*s - 5 + 4 + 3*s + 8*s**3. What is i(1)?
9
Let v(m) = -622*m + m**2 + 11 - 45 + 0*m**2 + 616*m. Give v(10).
6
Let f(t) = t**2 + t. Let w = 652 + -650. Calculate f(w).
6
Suppose -184 = 59*y - 13*y. Let u(f) = f**2 + 5*f + 6. Calculate u(y).
2
Let s be (4 + (-33)/6)/((-2)/(-4)). Let i(z) = 20*z - 1 + z**3 - 37*z + 4*z**2 + 16*z. Calculate i(s).
11
Let y(c) be the second derivative of c**4/12 + 11*c**3/6 - 5*c**2/2 - 2*c - 10. Give y(-11).
-5
Suppose 0*d - 4*d = -12. Let a(x) = -1 + 4*x + d*x - x - 4*x. Give a(2).
3
Suppose 54*m - 50*m = 0. Let y(u) = u**3 + u**2 + u + 6. Determine y(m).
6
Let o(b) = -b**3 - 3*b**2 + 3*b. Let m(a) = a**3 + 6*a**2 - 8*a - 7. Let w be m(-5). Let c be (-2)/(-6) - w/(-6). Let s be c/(-2)*9/15. Determine o(s).
-9
Let l(x) = 3*x**2 + 4*x + 1. Let k = -231 + 235. Let b(p) = -p**2 + 2*p**2 + p + 0*p**2. Let m(o) = k*b(o) - l(o). Give m(3).
8
Let w be ((-6)/9)/(2/27). Let k(g) be the second derivative of -g**5/20 - 2*g**4/3 + 3*g**3/2 - 3*g**2 - 7*g + 8. Calculate k(w).
-6
Let m be -2*((-15)/(-10))/(6/26). Let a(z) = z**2 + 15*z + 5. Give a(m).
-21
Suppose -3 - 19 = -2*m. Suppose -2*c - c + 12 = -3*x, m = 4*c + x. Let h(a) = 2*a**c - a**3 + a**2 - 3 + 10 - a - 2*a**2. Determine h(0).
7
Suppose -49*l + 39*l = 160. Let f(z) = z + 31. Calculate f(l).
15
Suppose 0 = 7*v - 14. Let p(b) = 9*b + 31*b**v - 2*b - 30*b**2 - 2. Calculate p(-7).
-2
Let l = 12 - 10. Let a(n) = -n**2 - n**l - 6*n**2 + 2*n + n**3 + 9*n**2. Suppose -7 + 3 = 2*z. Calculate a(z).
-8
Let s(q) = -17*q + 15. Let w(u) = -14*u + 13. Let o(a) = -2*s(a) + 3*w(a). Give o(5).
-31
Let g(y) = 7*y**3 + y**2 - 7*y - 2. Let i(l) = -6*l**3 - l**2 + 6*l + 1. Let h(u) = -5*g(u) - 6*i(u). Let o be 4 - 85/20 - (-3)/12. Calculate h(o).
4
Let j be 71/4*2*14/7. Let v = 72 - j. Let t(u) = 6*u + 1. Determine t(v).
7
Let i(v) = 7*v**2 - 5*v - 2. Let p(w) = w**2 - w. Let g(r) = 2*i(r) - 9*p(r). Determine g(3).
38
Let f(g) = -g**3 - g**2 - g - 1. Let k(a) = -6*a**3 - a**2 - 3*a - 4. Let w(q) = -5*f(q) + k(q). Let r = -1 - -4. Let s = r + 1. Determine w(s).
9
Let b(k) = k + k - 9*k + 8*k - 5*k. Determine b(-2).
8
Let u(r) = r**3 + 0*r - 5*r**2 + 0*r - 6 + 4*r. Let s = -30 + 34. Let g be (s + -3)*(3 - -1). Calculate u(g).
-6
Let k(s) be the second derivative of -2*s**4/3 + 2*s**3/3 - 3*s**2/2 + 27*s. Let m(g) = -5*g**2 + g**2 + g + 3*g**2 - 1. Let a(p) = k(p) - 3*m(p). Give a(-1).
-6
Let o(i) = 6 - i**2 - 6 + 3*i + 2 - 1. What is o(-5)?
-39
Let i(o) be the first derivative of -o**4/4 - o**2/2 + 72. Suppose -3*l - 2 = -0*l + 2*s, -5*s - 5 = 0. Give i(l).
0
Let g = 2 - -15. Suppose g = 4*y - 3. Let a(c) = c - 4. Calculate a(y).
1
Let h(v) = -v. Let s(x) be the third derivative of -x**4/8 - x**3/6 + 20*x**2. Let d(k) = h(k) + s(k). Determine d(-5).
19
Let i(z) be the first derivative of z**3/3 + 13*z**2/2 - z - 114. Determine i(-13).
-1
Let m = 357 + -357. Let i(h) = h**3 + 1. Calculate i(m).
1
Let w(v) = -3*v**2 - 5*v + 1. Let c(p) = 4*p**2 + 5*p - 1. Let m(l) = -4*c(l) - 5*w(l). Let s be 5*1 + (-3)/(-21)*0. Determine m(s).
-1
Let f(z) = -2*z + 10. Let y be -10*(48/60)/(-1). Calculate f(y).
-6
Let w = 388 + -390. Let b(y) = -4*y**3 + 3*y + 2. Give b(w).
28
Let h(i) = -3*i + 1. Suppose -2*s = -2*w - 16, 3*s - s - 16 = 4*w. Suppose 0 = -s*d + 4*d - 4. Calculate h(d).
4
Let k(o) = 17*o**2 - 47*o + 2. Let h(p) = -12*p**2 + 33*p - 1. Let b(u) = 7*h(u) + 5*k(u). Give b(-4).
35
Suppose -3*v - 4*r = -29, 6*r - 25 = r. Let x(f) = f + 4*f - v*f - f**2 + f + 4. Determine x(5).
-6
Let h(p) = 23*p - 1. Let m be -1 - 0*(20/4 + -6). Calculate h(m).
-24
Suppose 5*i = -0*k + k + 89, 5*i = -2*k + 92. Suppose -m - m + i = 0. Let o(x) = -2*x - 3*x + 4*x + m. Calculate o(6).
3
Let k(w) = -w**3 + 4*w**2 + 3*w - 4. Let p = 11 + -7. Suppose -p*x - 4 = -12. Let o be 1 - (x - -1 - 7). Calculate k(o).
-14
Suppose -m + 31*z = 28*z - 11, -4*z = 8. Suppose x + 1 - 6 = 0. Let a(n) = x - 3 + n - 3. Give a(m).
4
Let w(f) = -f + 5. Let o be w(-5). Suppose -o*b + 31 = 1. Let h(y) = -y**3 + 2*y**2 - y + 2. Determine h(b).
-10
Let x(k) = 2*k**3 - 5*k**2 + 3*k - 13. Let n(r) = r**3 - 3*r**2 + 2*r - 7. Let s(c) = 11*n(c) - 6*x(c). What is s(-4)?
1
Let x(m) = -4*m. Let h(c) = -6*c + 9. Let q(v) = -3*h(v) + 3*x(v). Determine q(5).
3
Let q(a) = -a**3 - a**2 - 3. Suppose -2*x - 190 = -u - 2*u, -5*u + 3*x + 317 = 0. Let w = -64 + u. What is q(w)?
-3
Let k(o) = -o**2 - o - 1. Let y(s) = -4*s**2 - 12*s + 2. Let i(b) = -5*k(b) + y(b). Determine i(6).
1
Let p(g) = -1 + 383*g + 1 + 3 - 381*g + 2. Suppose 0*d = -d - 4. Determine p(d).
-3
Let p be 125/175 - 10/14. Let y(o) be the third derivative of 5/24*o**4 + p*o + 0 - 1/60*o**5 - 2*o**2 - 1/2*o**3. Determine y(5).
-3
Let b(y) = 2*y**3 - 2*y**2 + y - 3. Let a(z) = 12*z - 105. Let d be a(9). Determine b(d).
36
Let f(o) be the second derivative of 0 + 1/6*o**3 + 13*o + o**2. Give f(-6).
-4
Let y be (-6)/(-5)*(-960)/36. Let z = y + 37. Let x(u) be the second derivative of -u**3/6 + 7*u**2/2 - 2*u. What is x(z)?
2
Let r(h) be the third derivative of -h**6/120 - h**5/20 + h**4/6 + h**3/2 + 21*h**2 + 8*h. Determine r(-4).
3
Let j(x) be the first derivative of x**4/4 + 4*x**3 + 6*x**2 + 8*x + 11. Let v be j(-11). Let r(c) = -3*c - 3. Determine r(v).
6
Let o(y) = y**3 - 2*y**2 + 3*y + 9. Let l(t) be the first derivative of t**4/2 - 5*t**3/3 + 7*t**2/2 + 19*t + 2. Let a(s) = 6*l(s) - 13*o(s). Give a(-5).
7
Let f be 12/7*(-14)/(-4). Let h(m) = -m**3 + 7*m**2 - 8*m + 5. Give h(f).
-7
Let w(r) = -r**3 + 9*r**2 - r + 12. Let f(b) = 11*b + 13. Let n be f(8). Suppose 10*q - n = -11. Give w(q).
3
Let c(g) = g**3 + g**2 + 8. Suppose 2*t = t + 1. Let h(b) be the third derivative of b**5/60 - b**4/12 + b**3/6 + 32*b**2. Let m be h(t). Give c(m).
8
Let g(n) = n**3 - 8*n**2 - n + 10. Let w = -154 + 162. Calculate g(w).
2
Let y be (-7)/42 - (-35)/(-6). Let k(c) = 4*c**2 + 4*c + 2. Let u(x) = -x**2 + x - 1. Let r(t) = -k(t) - 3*u(t). Calculate r(y).
7
Let b(f) = 5*f**3 - 13*f**2 + 13*f + 3. Let i(z) = -6*z**3 + 15*z**2 - 16*z - 4. Let x(u) = -5*b(u) - 4*i(u). Determine x(5).
-4
Suppose -2*x = -19*u + 18*u + 6, -4*x - 26 = 5*u. Let i(y) = y**3 + 6*y**2 + 3*y + 4. Determine i(x).
24
Let q(h) be the first derivative of h**5/20 + h**4/12 - h**3/3 - 4*h**2 + 9. Let g(o) be the second derivative of q(o). Let n = -7 + 5. What is g(n)?
6
Let p(m) be the second derivative of -m**5/20 - 5*m**4/12 - 2*m**3/3 - 3*m*